{"id":40,"date":"2025-07-13T18:12:14","date_gmt":"2025-07-13T16:12:14","guid":{"rendered":"http:\/\/oryrkot.cluster029.hosting.ovh.net\/?page_id=40"},"modified":"2025-11-14T17:14:50","modified_gmt":"2025-11-14T16:14:50","slug":"information","status":"publish","type":"page","link":"https:\/\/www.fabienvaissiere.com\/index.php\/information\/","title":{"rendered":"Intentions"},"content":{"rendered":"\n<div class=\"wp-block-media-text is-stacked-on-mobile\"><figure class=\"wp-block-media-text__media\"><img loading=\"lazy\" decoding=\"async\" width=\"681\" height=\"1024\" src=\"https:\/\/www.fabienvaissiere.com\/wp-content\/uploads\/2025\/07\/photobook-scaled-e1752511165137-681x1024.jpg\" alt=\"\" class=\"wp-image-135 size-full\" srcset=\"https:\/\/www.fabienvaissiere.com\/wp-content\/uploads\/2025\/07\/photobook-scaled-e1752511165137-681x1024.jpg 681w, https:\/\/www.fabienvaissiere.com\/wp-content\/uploads\/2025\/07\/photobook-scaled-e1752511165137-200x300.jpg 200w, https:\/\/www.fabienvaissiere.com\/wp-content\/uploads\/2025\/07\/photobook-scaled-e1752511165137-768x1154.jpg 768w, https:\/\/www.fabienvaissiere.com\/wp-content\/uploads\/2025\/07\/photobook-scaled-e1752511165137-1022x1536.jpg 1022w, https:\/\/www.fabienvaissiere.com\/wp-content\/uploads\/2025\/07\/photobook-scaled-e1752511165137-1362x2048.jpg 1362w, https:\/\/www.fabienvaissiere.com\/wp-content\/uploads\/2025\/07\/photobook-scaled-e1752511165137.jpg 1703w\" sizes=\"auto, (max-width: 681px) 100vw, 681px\" \/><\/figure><div class=\"wp-block-media-text__content\">\n<p class=\"has-text-align-center has-large-font-size\"><\/p>\n<\/div><\/div>\n\n\n\n<pre class=\"wp-block-preformatted has-black-color has-white-background-color has-text-color has-background has-link-color wp-elements-9357c41ff79160a2b2ad6a9983948db0\" style=\"font-size:13px\">Immerg\u00e9 dans la g\u00e9ologie chaotique des Alpes-de-Haute-Provence, le langage pur et minimal des grands espaces aux reliefs accident\u00e9s a accompagn\u00e9 mon d\u00e9veloppement sensible.<br>Le charisme des terres \u00e0 nu, r\u00e9v\u00e9lant leur squelette min\u00e9ral ainsi que l\u2019\u00e9l\u00e9gance de leurs habits v\u00e9g\u00e9taux peuplent l\u2019imaginaire de mes d\u00e9ambulations sauvages pr\u00e9coces. L\u2019immersion libre dans des environnements riches et indompt\u00e9s a g\u00e9n\u00e9r\u00e9 une intuition du r\u00e9el qui n\u2019a eu cesse d\u2019\u00e9merger sous forme de pulsions cr\u00e9atives diverses. Depuis l\u2019enfance, le travail des formes, des volumes et des mati\u00e8res brutes dans l\u2019atelier de mon p\u00e8re \u00e9b\u00e9niste d\u2019art n\u2019a cess\u00e9 d\u2019infuser en moi.<br>Mon app\u00e9tence naturaliste m\u2019a conduit vers des \u00e9tudes scientifiques en g\u00e9ologie et en biologie compl\u00e9t\u00e9es par un cursus en sciences humaines de cartographie et \u00e9tude des territoires, fabrique des formes urbaines et architecturales.<br>Dans ma pratique artistique actuelle, minimaliste et \u00e9pur\u00e9e, j\u2019utilise des mati\u00e8res brutes min\u00e9rales et v\u00e9g\u00e9tales glan\u00e9es dans des veines montagneuses, dans le lit des cours d\u2019eau, dans les forets d\u2019alpages ou sur le dos des collines.<br>Par son aspect opportuniste, le glanage fait partie de ma d\u00e9marche artistique. Il laisse au cheminement le vertige de la d\u00e9couverte s\u2019opposant ainsi \u00e0 la logique dominatrice de l\u2019homme sur son environnement, notamment dans ses effusions extractivistes. Je retrouve la philosophie nomade du cueilleur qui ne peut accumuler que ce que son sac lui permet.<br>Je rel\u00e8ve les coordonn\u00e9es g\u00e9ographiques des mati\u00e8res pr\u00e9lev\u00e9es et r\u00e9alise une captation sonore courte qui accompagne l\u2019\u0153uvre dans une autre dimension et compl\u00e8te l\u2019archive du pr\u00e9l\u00e8vement. Le fichier est vers\u00e9 sur la blockchain en NFT. Cela constitue une forme de s\u00e9dimentation num\u00e9rique li\u00e9e \u00e0 l\u2019\u0153uvre et au territoire.<br>Ce r\u00e9f\u00e9rencement des pr\u00e9l\u00e8vements, inspir\u00e9 de la m\u00e9thode scientifique, donne du sens au processus d\u2019archivage sensible : lier l\u2019\u0153uvre au territoire et questionner la valorisation des mati\u00e8res naturelles, tant scientifique que sp\u00e9culative. L\u2019\u0153uvre interroge le fait que les mati\u00e8res qui ne servent pas le processus symbolique ou productif de l\u2019homme soient peu \u00e9tudi\u00e9es par la science et n\u2019aient pas de valeur sp\u00e9cifique.<br>Par la v\u00e9rit\u00e9 des mati\u00e8res vernaculaires et des mises en sc\u00e8ne \u00e9pur\u00e9es, je souhaite montrer la pr\u00e9ciosit\u00e9 de chaque \u00e9l\u00e9ment constitutif de notre environnement imm\u00e9diat et la futilit\u00e9 de nos domaines de valeurs absolues.<br>Par la cartographie des pr\u00e9l\u00e8vements, je questionne la limite, la fronti\u00e8re et la continuit\u00e9, entre un territoire et un autre, entre un biotope et un autre, entre une couche g\u00e9ologique et une autre, la limite entre l\u2019int\u00e9rieur de la terre et la surface, son \u00e9corce, entre le temps long de la min\u00e9ralisation et le temps court de la vie organique.<br>J\u2019emprunte \u00e0 la classification naturaliste, \u00e0 la d\u00e9marche scientifique, \u00e0 la collection le potentiel esth\u00e9tique de la s\u00e9rie. Quel est le r\u00f4le de l\u2019unique, du rare, de la valeur unitaire ?<br>Ainsi chaque exemplaire, chaque fragment, chaque particule est fractale unique qui, connect\u00e9e au corps de la s\u00e9rie, compose un rythme. L\u2019ensemble devient forme \u00e9vocatrice de la paroi rocheuse ou du sol reconstitu\u00e9. Les roches sculpt\u00e9es peuvent \u00eatre fossiles, traces des mers pass\u00e9es ou des mouvements tectoniques, arrach\u00e9es aux montagnes et fa\u00e7onn\u00e9es par l\u2019\u00e9nergie de l\u2019eau.<br>Je me livre \u00e0 une po\u00e9tique de la g\u00e9ologie, \u00e0 une po\u00e9tique de la botanique.<br>Je travaille les mati\u00e8res aux couleurs et textures contrast\u00e9es, notamment la marne noire plus connue sous le nom de robine en Haute-Provence. Cette roche sans valeur particuli\u00e8re, issue de d\u00e9p\u00f4ts s\u00e9dimentaires marins poss\u00e8de une structure aux caract\u00e9ristiques de duret\u00e9 unique, allant de l\u2019extr\u00eame friabilit\u00e9 \u00e0 la solidit\u00e9 selon sa composition.<br>La mati\u00e8re naturelle n\u2019est pas un simple mat\u00e9riaux mais est signifiante et autonome et questionne intrins\u00e8quement notre rapport \u00e0 l\u2019espace et au temps.<br>La sculpture d\u2019objets bruts scell\u00e9s sur toile ou sur planche - non pour les y enfermer mais \u00e0 l\u2019inverse pour leur rendre leur mobilit\u00e9 dans le v\u00e9hicule du tableau - op\u00e8re une r\u00e9conciliation des trois dimensions objectives de l\u2019objet mati\u00e8re avec l\u2019espace concis du cadre.<br>L\u2019\u0153uvre devient tot\u00e9mique : nous sommes la pierre, nous sommes le v\u00e9g\u00e9tal, nous sommes s\u00e9diments agglom\u00e9r\u00e9s par le temps, nous sommes mol\u00e9cules concr\u00e8tes, nous sommes abstractions, nous sommes \u00e9tape dans le processus d\u2019\u00e9volution.<br>En int\u00e9grant ces pi\u00e8ces dans les milieux humains, dans les intimit\u00e9s personnelles et les lieux publics, je veux donner une place au minimal symbolique brut et sauvage dans les espaces v\u00e9cus, non comme un hommage \u00e0 la nature en tant qu\u2019alt\u00e9rit\u00e9, mais comme un connecteur essentiel \u00e0 notre propre nature.<br><br>Fabien Vaissi\u00e8re<\/pre>\n","protected":false},"excerpt":{"rendered":"<p>Immerg\u00e9 dans la g\u00e9ologie chaotique des Alpes-de-Haute-Provence, le langage pur et minimal des grands espaces aux reliefs accident\u00e9s a accompagn\u00e9 mon d\u00e9veloppement sensible.Le charisme des terres \u00e0 nu,&#8230;<\/p>\n","protected":false},"author":1,"featured_media":0,"parent":0,"menu_order":0,"comment_status":"closed","ping_status":"closed","template":"","meta":{"footnotes":""},"class_list":["post-40","page","type-page","status-publish","hentry"],"_links":{"self":[{"href":"https:\/\/www.fabienvaissiere.com\/index.php\/wp-json\/wp\/v2\/pages\/40","targetHints":{"allow":["GET"]}}],"collection":[{"href":"https:\/\/www.fabienvaissiere.com\/index.php\/wp-json\/wp\/v2\/pages"}],"about":[{"href":"https:\/\/www.fabienvaissiere.com\/index.php\/wp-json\/wp\/v2\/types\/page"}],"author":[{"embeddable":true,"href":"https:\/\/www.fabienvaissiere.com\/index.php\/wp-json\/wp\/v2\/users\/1"}],"replies":[{"embeddable":true,"href":"https:\/\/www.fabienvaissiere.com\/index.php\/wp-json\/wp\/v2\/comments?post=40"}],"version-history":[{"count":33,"href":"https:\/\/www.fabienvaissiere.com\/index.php\/wp-json\/wp\/v2\/pages\/40\/revisions"}],"predecessor-version":[{"id":484,"href":"https:\/\/www.fabienvaissiere.com\/index.php\/wp-json\/wp\/v2\/pages\/40\/revisions\/484"}],"wp:attachment":[{"href":"https:\/\/www.fabienvaissiere.com\/index.php\/wp-json\/wp\/v2\/media?parent=40"}],"curies":[{"name":"wp","href":"https:\/\/api.w.org\/{rel}","templated":true}]}}